 - 31, 4 = -j. Suppose y + 1 = 2*g. Is g - -211 - 0 - -4 a prime number?
False
Let o(r) = 4795*r + 240. Is o(19) a composite number?
True
Suppose 0 = 2*n - 4*f - 50, -2*f + 185 = 2*n + 3*n. Suppose 7*c = 3*c - 3*k + n, 3*c = 5*k - 10. Suppose -o = -3*t - 3*o + 619, 0 = o - c. Is t prime?
False
Let s = -24 + 28. Let r(b) = b**2 + 4*b + 5. Is r(s) prime?
True
Let k(c) = c**2 - 17*c + 3. Let w be k(17). Suppose -j = 5*r - 6070, -2*r + 2451 = 2*j + w*j. Is r prime?
True
Suppose 29 - 25 = 4*f. Let i(y) = 408*y**3 - 2*y**2 + 1. Is i(f) prime?
False
Suppose 0 = 4*z - 0*z - 12, 2*r - 2*z = 2688. Is r a composite number?
True
Let k(q) = -52*q + 15. Let y be k(-9). Suppose 5*i = -4*z + y, -4*z + 2*z + 5*i = -279. Is z a prime number?
True
Let w(z) be the first derivative of z**6/120 + z**5/20 + 5*z**3/6 + 9*z**2/2 - 9. Let k(g) be the second derivative of w(g). Is k(5) a prime number?
False
Suppose 2*f + 28 = 3*f. Suppose 2*o = -r - 2, f - 6 = 4*r - 2*o. Is (-2)/(-8)*r - -118 prime?
False
Is ((-42)/(-84))/((-3)/(-58818)) a prime number?
True
Let s(i) = 1611*i + 47. Is s(4) composite?
False
Let z(g) = g**3 - 3*g**2 - 7*g. Let t(q) = q**3 - 3*q**2 - 7*q - 1. Let f(d) = 6*t(d) - 5*z(d). Let k be f(6). Suppose -k = 4*a - 1064. Is a composite?
False
Let p(t) = -t**3 + 7*t**2 + 8*t + 2. Let m be p(8). Suppose 0 = 5*y - m*r - 2432 + 25, -2*r = 4*y - 1922. Is y a composite number?
True
Let g be 5 + (-6)/(-15)*505. Let h = -163 + 1070. Suppose -h = -2*r + g. Is r composite?
False
Let x(j) be the second derivative of -1657*j**5/20 - j**4/12 - j**3/6 - j. Is x(-1) prime?
True
Suppose -3919 = 2*w - 959. Let s = w - -3137. Is s a prime number?
True
Suppose -3*y = 3*p + 786, -3*y = -4*y + 3*p - 258. Let g = -172 - y. Is g prime?
True
Let j = 8208 + -5261. Is j composite?
True
Suppose 0 = 3*i - 9, -5*u + 7 = -i - 0*i. Suppose -5*o = -3*g + 270, 0 = 4*o - u*g - 3*g + 216. Let h = -31 - o. Is h a composite number?
False
Let j = -998 + 3835. Is j prime?
True
Let y(u) = 6*u - 26. Let x be y(7). Suppose 4*q + 912 = 2*a, 0 = -2*a + q + 2*q + 914. Is 4/(x/a) + -2 a prime number?
True
Suppose 46881 = 2*h + 4939. Is h a composite number?
True
Let b(s) = -s + 7. Let g be b(-3). Suppose 2*v = -3*v - g. Let y(w) = -8*w**3 - 3*w**2 - 2*w - 3. Is y(v) a prime number?
True
Let y(s) = 439*s**2 + 17*s + 47. Is y(-5) a composite number?
False
Suppose 0 = -5*w + 3*w - 2. Is (0 + -1)*w*291 a prime number?
False
Let h = -1649 + 2362. Is h a prime number?
False
Let w(u) = 6239*u**2 - 8*u. Is w(-1) composite?
False
Let q = 168 + -98. Suppose 0 = -z - z + q. Suppose -z = -k - o, -o - 105 = -k - 2*k. Is k prime?
False
Let k = 16638 + 3997. Is k prime?
False
Suppose -n + 88902 = -3*n. Let m be n/44 + (-1)/(-4). Let k = m + 1825. Is k composite?
True
Let j(d) = -d**3 - 7*d**2 - 9*d - 11. Let q(x) = 2*x**3 - 13*x**2 + 5*x. Let h be q(6). Is j(h) a prime number?
True
Let m = 7 - 3. Let p be 4 - (m - (1 + 3)). Suppose 2*x + 1193 = 3*g, p*g - 3*g - 395 = -2*x. Is g composite?
False
Suppose 5*h = -0*p - 5*p + 212770, -3*h = 2*p - 85111. Is p a composite number?
True
Let v(q) = 3 + 58*q + 37 + 11. Is v(15) prime?
False
Let f = -699 + 12600. Is f a composite number?
True
Let t(o) = o**3 - 16*o**2 - 18*o + 22. Let m be t(17). Suppose -2*p + m*p - 5*j = -4, -p = j - 4. Suppose p*f = -3*f + 12145. Is f a prime number?
False
Suppose -10 = u - 15. Suppose 2*k - 452 = 4*t, -u*k + 3*t + 519 = -583. Is k composite?
True
Let k = 8707 - 6204. Is k a composite number?
False
Let u = 60 - -356. Let s = u + -99. Is s composite?
False
Let c be -8 - (-6 - 2/(-1)). Let z be (-66 + 0/c)*-34. Is (z/18)/(2/3) prime?
False
Let k(g) = 26*g - 7. Suppose -2*c - 4*h = -36, c + h = 21 - 4. Is k(c) a composite number?
False
Suppose 5*d - 9 = -4, -3*t + 98 = 2*d. Suppose -4*x = t - 4. Is 1 + -1 - (x - 72) composite?
False
Let p(u) = -u**2 + 4*u + 18182. Is p(0) a composite number?
True
Let i be 22/8 - 4/(-16). Suppose -4*a + 4 = -i*a. Suppose -r = -a*r + 339. Is r a composite number?
False
Let y = -914 + 1313. Let i = 472 + y. Is i a composite number?
True
Suppose 82 + 26 = 6*h. Is (-5435)/(-45) + 4/h prime?
False
Is (-14)/(-10) - 327204/(-90) composite?
False
Suppose 3*q + q - 28 = 4*o, 2*q = 5*o + 26. Let r be (-8)/(4/8*o). Is 1981/28 - (-1)/r prime?
True
Is ((-16)/(-12))/(80/3182820) composite?
False
Suppose -6*y + 158078 = -82444. Is y composite?
False
Suppose -4*b = 18 - 62. Is (-464)/(-6) + b/(-33) a composite number?
True
Let p(z) = z**3 - 6*z**2 + 5. Let c be p(6). Suppose -g + 4*b - 16 = -c*g, -g = -4*b + 11. Is (-1)/(g + 264/(-262)) composite?
False
Let t(y) = -43*y**3 + 3*y**2 + 5*y + 20. Is t(-7) composite?
True
Let b(t) = 6*t**2 - 5*t + 2. Suppose 9*z - 12*z + 33 = 0. Is b(z) a prime number?
True
Suppose 212*m - 220*m + 39416 = 0. Is m a prime number?
False
Let t be (-21768)/(-5) + 22/55. Is (1/(-2)*1)/((-7)/t) a composite number?
False
Let a(o) = -7*o**3 - 7*o**2 - 5*o - 5. Suppose -3*p + p - 12 = 0. Let s(c) = -15*c**3 - 15*c**2 - 10*c - 11. Let r(u) = p*s(u) + 13*a(u). Is r(-6) composite?
False
Let m(p) = 10484*p**2 - 7*p - 5. Is m(4) a composite number?
False
Suppose -2*k - 16 = -3*d - 0*k, -d - 4 = 4*k. Suppose 3 = 5*p + y, 9 = -d*p + 3*y - 0. Suppose p*z = z - 377. Is z a composite number?
True
Suppose -3*v - 14542 = -4*d + 6000, 2*d - v - 10272 = 0. Is d a composite number?
True
Let r be -2*(-6)/(-4) - -8. Suppose 4*u - r*u = -3*t + 9, -21 = -u - 3*t. Suppose -9*c = -u*c - 159. Is c prime?
True
Suppose -3*m + l = -4*m + 2, 4*m = -3*l + 6. Suppose -5*d + 5*v + 65 = m, -d = -2*d - 2*v + 19. Suppose 0 = -12*g + d*g - 1839. Is g composite?
False
Let d(r) = 3*r + 71. Let c be d(-23). Suppose 3*b - 5*l = -b + 5469, 0 = -c*l - 10. Is b prime?
True
Suppose 3*u = 2*h - 28196, -27322 + 97807 = 5*h - 5*u. Is h a composite number?
True
Let r be 1088/14 - (-10)/35. Suppose i = 1 + r. Suppose -5*k + i = c, 4*c - 3*k - 316 = -k. Is c a prime number?
True
Suppose -5406 = 44*t - 50*t. Is t a composite number?
True
Let p = -3404 + 5121. Let a = p - 728. Is a composite?
True
Is 52/(-78) + -2 + 47067/9 a composite number?
False
Suppose -2*p - 2*y = -4*p + 18, 0 = p + 4*y - 24. Suppose 8*r - p*r = -16. Suppose r*a - 806 = -2*u, -175 = 3*a - u - 787. Is a prime?
False
Let n(l) = -l**3 + 2*l**2 + 2*l - 3. Let m be n(3). Suppose 9 = 3*i - b, 0 = 3*i + i + 3*b - 12. Is (m + 9)*47/i composite?
False
Let o(m) be the first derivative of 2*m**3 - 7*m**2/2 - 4*m + 4. Is o(9) a composite number?
False
Suppose a = -3*r + 122 + 717, 0 = 5*r - 4*a - 1370. Let s be (0 + r/4)*2. Let g = s - -120. Is g prime?
False
Let w(r) = 860*r**2 - 7. Is w(2) a prime number?
True
Let c be -3*((-20)/3)/4. Suppose -3*m - 66 = -m - 5*g, -4*m - 142 = -c*g. Is (m - 0)*(-66)/12 a prime number?
False
Let g be 2/13 + 34244/(-182). Let m = 451 + g. Is m a composite number?
False
Suppose -r = 2, -4*o + 2*r + 6 = -3*o. Suppose -3*f - 12 = 0, -2070 = -o*s - 2*f + 6*f. Is s prime?
False
Suppose 18*x - 4*w = 17*x + 27967, -4*w = -2*x + 55938. Is x a prime number?
False
Suppose p - d + 3*d - 11 = 0, 5*d - 26 = -p. Let i be p - 580/(-2)*-1. Let o = 548 + i. Is o composite?
True
Let b(d) = -d**2 + 35*d - 45. Is b(21) a prime number?
False
Suppose 0 = -34*o + 36*o - 2510. Is o composite?
True
Let x(s) = s**3 - 10*s**2 - 30*s - 42. Is x(17) a composite number?
False
Is (-11)/22*25882*-1 composite?
False
Let p(z) = 48*z**2 + 35*z + 15. Is p(-28) prime?
False
Is 57/(-95)*(-1852165)/21 prime?
True
Let g be ((-1324)/12)/(3/(-9)). Let k = g - 186. Let z = k - 60. Is z composite?
True
Let u = 21 - 19. Suppose -4*q - 1422 = -2*i, -u*i - q - 153 = -1565. Is i prime?
False
Let b(c) = -c**3 - c**2 + c + 1. Let p(u) = 9*u**3 + 19*u**2 - u - 4. Let l(i) = -6*b(i) - p(i). Is l(-9) composite?
True
Suppose -9*i = -5*i + f - 6961, -i + 5*f = -1714. Is i a composite number?
True
Is (138/(-207))/((-2)/7677) a prime number?
False
Let g(b) = -2*b**2 + 40*b + 18. Let w be g(20). Suppose -w*z = -11*z - 4431. Is z composite?
True
Let c(l) = -2*l**2 - 63*l + 37. Let z be c(-32). Suppose -33195 = -z*f + 5*i, -2*i + 38789 = 5*f + 5608. Is f composite?
False
Let m(h) = 2*h + 22. Let q be m(-9). Suppose -5*a + 8010 = 5*k, 0*k + 6415 = q*a - 3*k. Is a a composite number?
True
Let x(s) = -2 + 6 + 1 +